s divided by 32?
27
Calculate the remainder when 535 is divided by 49.
45
Calculate the remainder when 45 is divided by 25.
20
What is the remainder when 58 is divided by 56?
2
Calculate the remainder when 118 is divided by 45.
28
Calculate the remainder when 271 is divided by 85.
16
Calculate the remainder when 1197 is divided by 30.
27
What is the remainder when 577 is divided by 352?
225
Calculate the remainder when 540 is divided by 68.
64
What is the remainder when 303 is divided by 26?
17
What is the remainder when 1981 is divided by 76?
5
What is the remainder when 380 is divided by 102?
74
What is the remainder when 142 is divided by 16?
14
Calculate the remainder when 67 is divided by 29.
9
What is the remainder when 363 is divided by 179?
5
What is the remainder when 320 is divided by 156?
8
What is the remainder when 1218 is divided by 206?
188
What is the remainder when 484 is divided by 180?
124
Calculate the remainder when 284 is divided by 72.
68
Calculate the remainder when 32 is divided by 19.
13
What is the remainder when 192 is divided by 160?
32
Calculate the remainder when 273 is divided by 12.
9
Calculate the remainder when 307 is divided by 103.
101
Calculate the remainder when 113 is divided by 21.
8
Calculate the remainder when 1276 is divided by 22.
0
What is the remainder when 100 is divided by 7?
2
Calculate the remainder when 218 is divided by 17.
14
Calculate the remainder when 520 is divided by 84.
16
Calculate the remainder when 115 is divided by 60.
55
Calculate the remainder when 37 is divided by 36.
1
Calculate the remainder when 2922 is divided by 133.
129
Calculate the remainder when 2090 is divided by 177.
143
What is the remainder when 880 is divided by 828?
52
Calculate the remainder when 311 is divided by 13.
12
What is the remainder when 197 is divided by 26?
15
What is the remainder when 664 is divided by 283?
98
What is the remainder when 8055 is divided by 212?
211
What is the remainder when 548 is divided by 50?
48
What is the remainder when 160 is divided by 9?
7
What is the remainder when 198 is divided by 23?
14
What is the remainder when 859 is divided by 12?
7
Calculate the remainder when 229 is divided by 46.
45
What is the remainder when 28 is divided by 8?
4
Calculate the remainder when 51911 is divided by 18.
17
Calculate the remainder when 3302 is divided by 654.
32
What is the remainder when 3114 is divided by 76?
74
What is the remainder when 857 is divided by 123?
119
What is the remainder when 100 is divided by 7?
2
What is the remainder when 159 is divided by 6?
3
What is the remainder when 66 is divided by 23?
20
What is the remainder when 3941 is divided by 16?
5
What is the remainder when 694 is divided by 274?
146
Calculate the remainder when 305 is divided by 51.
50
What is the remainder when 159 is divided by 57?
45
Calculate the remainder when 1008 is divided by 342.
324
What is the remainder when 3421 is divided by 1127?
40
Calculate the remainder when 9897 is divided by 110.
107
Calculate the remainder when 53196 is divided by 67.
65
What is the remainder when 58 is divided by 13?
6
What is the remainder when 215 is divided by 44?
39
Calculate the remainder when 536 is divided by 18.
14
What is the remainder when 494 is divided by 157?
23
Calculate the remainder when 287 is divided by 81.
44
What is the remainder when 103 is divided by 63?
40
What is the remainder when 1656 is divided by 289?
211
Calculate the remainder when 2737 is divided by 131.
117
Calculate the remainder when 1916 is divided by 211.
17
Calculate the remainder when 1494 is divided by 38.
12
What is the remainder when 1327 is divided by 4?
3
What is the remainder when 1620 is divided by 22?
14
What is the remainder when 2217 is divided by 31?
16
What is the remainder when 29 is divided by 6?
5
What is the remainder when 98 is divided by 53?
45
Calculate the remainder when 149 is divided by 39.
32
Calculate the remainder when 260 is divided by 47.
25
What is the remainder when 6364 is divided by 14?
8
Calculate the remainder when 267 is divided by 3.
0
Calculate the remainder when 651 is divided by 150.
51
What is the remainder when 642 is divided by 72?
66
What is the remainder when 63 is divided by 55?
8
What is the remainder when 1545 is divided by 43?
40
What is the remainder when 315 is divided by 76?
11
What is the remainder when 629 is divided by 42?
41
What is the remainder when 7137 is divided by 70?
67
What is the remainder when 176 is divided by 25?
1
Calculate the remainder when 692 is divided by 341.
10
What is the remainder when 9662 is divided by 210?
2
What is the remainder when 403 is divided by 83?
71
Calculate the remainder when 98 is divided by 10.
8
Calculate the remainder when 1092 is divided by 18.
12
What is the remainder when 8098 is divided by 4047?
4
What is the remainder when 159 is divided by 40?
39
Calculate the remainder when 512 is divided by 138.
98
Calculate the remainder when 327 is divided by 19.
4
What is the remainder when 967 is divided by 22?
21
What is the remainder when 5710 is divided by 14?
12
Calculate the remainder when 1884 is divided by 41.
39
What is the remainder when 335 is divided by 38?
31
Calculate the remainder when 175 is divided by 29.
1
Calculate the remainder when 125 is divided by 26.
21
Calculate the remainder when 347 is divided by 10.
7
What is the remainder when 1201 is divided by 42?
25
Calculate the remainder when 978 is divided by 24.
18
Calculate the remainder when 267 is divided by 92.
83
Calculate the remainder when 120 is divided by 57.
6
Calculate the remainder when 14832 is divided by 7409.
14
Calculate the remainder when 2108 is divided by 191.
7
What is the remainder when 2496 is divided by 49?
46
What is the remainder when 180 is divided by 38?
28
Calculate the remainder when 2712 is divided by 15.
12
Calculate the remainder when 1578 is divided by 93.
90
What is the remainder when 741 is divided by 53?
52
Calculate the remainder when 30141 is divided by 24.
21
Calculate the remainder when 32 is divided by 31.
1
What is the remainder when 171 is divided by 14?
3
What is the remainder when 1398 is divided by 14?
12
Calculate the remainder when 129 is divided by 26.
25
Calculate the remainder when 3376 is divided by 672.
16
What is the remainder when 230 is divided by 32?
6
What is the remainder when 121 is divided by 106?
15
Calculate the remainder when 77 is divided by 22.
11
What is the remainder when 186 is divided by 5?
1
Calculate the remainder when 40 is divided by 6.
4
What is the remainder when 520 is divided by 58?
56
Calculate the remainder when 35 is divided by 13.
9
Calculate the remainder when 8638 is divided by 54.
52
What is the remainder when 221 is divided by 56?
53
Calculate the remainder when 167 is divided by 29.
22
Calculate the remainder when 45 is divided by 14.
3
Calculate the remainder when 403 is divided by 117.
52
Calculate the remainder when 1396 is divided by 103.
57
What is the remainder when 2299 is divided by 50?
49
Calculate the remainder when 65 is divided by 57.
8
What is the remainder when 350 is divided by 13?
12
Calculate the remainder when 150 is divided by 38.
36
What is the remainder when 378 is divided by 107?
57
What is the remainder when 692 is divided by 104?
68
What is the remainder when 222 is divided by 15?
12
Calculate the remainder when 218 is divided by 216.
2
Calculate the remainder when 381 is divided by 18.
3
What is the remainder when 543 is divided by 17?
16
What is the remainder when 359 is divided by 72?
71
Calculate the remainder when 434 is divided by 19.
16
What is the remainder when 479 is divided by 96?
95
What is the remainder when 425 is divided by 135?
20
Calculate the remainder when 1014 is divided by 4.
2
Calculate the remainder when 54 is divided by 22.
10
Calculate the remainder when 534 is divided by 99.
39
What is the remainder when 152 is divided by 79?
73
What is the remainder when 410 is divided by 71?
55
Calculate the remainder when 346 is divided by 242.
104
Calculate the remainder when 22175 is divided by 176.
175
Calculate the remainder when 923 is divided by 161.
118
What is the remainder when 55 is divided by 15?
10
What is the remainder when 615 i